
Let l(w) = 2*w + 21. Let j be l(-9). Suppose 8*a - 6138 = 7*a + v, -j*v = -a + 6136. Is a a prime number?
False
Suppose -5*b - a - a + 23 = 0, 0 = 5*b - 3*a - 28. Suppose -5*f - 3135 = -b*l, -2*l + 2*f - 2532 = -6*l. Suppose -16*q + 17*q - l = 0. Is q a composite number?
False
Let z be (8/6 + -1)/((-1)/(-6)). Let h(r) = r + 2*r + 34*r**z + 21 + r. Is h(-5) a prime number?
False
Let b(n) = -n**2 - n**3 - 6*n**2 - 4*n**2 - 5*n + 2 + 13. Let k be b(-11). Suppose 0 = 5*p + r - 4*r - 140, 3*p = -r + k. Is p a prime number?
False
Suppose -79 + 99 = 5*o. Suppose 7*c = r + 2*c - 564, 5*c - 2281 = -o*r. Let p = r + 3632. Is p composite?
False
Let h(l) = 12390*l + 129. Let j(r) = 953*r + 10. Let p(f) = 2*h(f) - 27*j(f). Let x be p(-6). Suppose 3*s = -2*s + o + x, s = -3*o + 1142. Is s a prime number?
False
Let x(w) = 8*w - 30. Let c be x(17). Let y = c + 363. Is y a composite number?
True
Let p = -1140 + 3262. Let i = 4985 - p. Is i composite?
True
Let j = -203 + 212. Suppose 0 = -j*z - 4*z + 98449. Is z a prime number?
True
Let s(w) = -w**2 - 6*w + 38. Suppose 4 + 50 = -9*t. Is s(t) prime?
False
Suppose 5*d + 172634 = 2*d - m, -230200 = 4*d - 4*m. Let y = -40811 - d. Is y a prime number?
False
Let r = 893161 - -56538. Is r a prime number?
True
Suppose 131*d = -49*d + 52257060. Is d composite?
False
Suppose 46 + 14 = 10*g. Suppose 0 = 2*l + 5*n - 8806, -9*l + g*l = -4*n - 13163. Is l composite?
True
Let f be ((-357)/7*(-16)/6)/(44 + -45). Let j(k) = -k**3 + 4*k**2 - 2*k - 1. Let t be j(2). Is t*(f/(-12) - -1) prime?
True
Suppose -4*p + 22 = -3*i, 0 = -5*p + i - 2*i + 37. Suppose 0 = h - k - 486, 2*k - 5 = p*k. Is h a prime number?
False
Let i(k) be the first derivative of k**4/4 + 3*k**3 - k**2/2 - 9*k + 13. Let c be i(-9). Suppose -2*y + 381 + 293 = c. Is y a composite number?
False
Let k be 2/4*(9 - -40 - -7). Let w(h) = 57*h + 113. Is w(k) a composite number?
False
Is 9/(-39) + 5537100/156 a prime number?
False
Let y be ((-287)/(-3))/(1/3). Let i = 840 - 837. Suppose -3*p + y = 5*r, -3*r + 67 = -2*r + i*p. Is r composite?
True
Suppose 10*x - 66 + 56 = 0. Is 33332/8 - (x + 21/(-6)) a prime number?
False
Let i(d) = -d**2 - 16*d - 34. Let k be i(-3). Suppose 2*v - 7663 = -l - v, -l - k*v = -7659. Is l a composite number?
False
Suppose 22*z + 330 = 55*z. Suppose 173 + 12711 = 4*w + 4*a, 0 = -5*a - z. Is w a prime number?
False
Let u(a) be the third derivative of a**6/120 - a**4/12 - a**3/3 + 14*a**2. Let k be u(-1). Is 1*(k + -868)*(25 - 26) composite?
True
Let k = 1079334 + -567167. Is k prime?
True
Let n be (-11 - -9)*38946/(-4). Let r = n + -11414. Is r prime?
True
Suppose m - 102075 = -4*r, -506*m + 503*m = r - 306181. Is m a composite number?
False
Let y be (-7)/(-84)*-3 - (-39)/12. Is -3 + 55736 + y - -5 a prime number?
False
Let o(v) = -v**3 - 81*v**2 - 18*v - 261. Is o(-82) a prime number?
False
Let r = -56 + 58. Suppose 271 + 71 = -r*z. Let a = z + 374. Is a a prime number?
False
Suppose 2*i = -3*s + 685524 + 340004, 3*i + 2*s - 1538287 = 0. Is i prime?
True
Let q(m) be the third derivative of -m**6/120 - m**5/6 - 11*m**4/24 + 2*m**3/3 - 13*m**2. Let v be q(-9). Suppose v*c = 20*c + 1266. Is c composite?
True
Suppose 270*t - 268*t = l - 29235, 2*l - 58482 = -2*t. Is l composite?
True
Let m(w) = 158*w - 29. Let b be (-16)/(-3) + (26/(-3))/(-13). Is m(b) a composite number?
False
Suppose -l = -7*l - 0*l. Let b(x) = x**2 + 4*x + 5. Let y be b(l). Suppose -5*q - 5*o + 25066 + 21104 = 0, q = -y*o + 9214. Is q prime?
True
Is (16033/(-3))/(0 + (-8)/24) a prime number?
True
Suppose -5*j = 5*v + 5, -2*j + j - 3 = 0. Suppose v*r + 4*f - 25 = -f, -15 = -5*f. Suppose -r*a + 2395 = -2910. Is a a composite number?
False
Suppose 17*j - 5*f = 21*j + 155, 2*j - 2*f = -100. Is j/(-27)*(-67638)/(-10) a composite number?
False
Suppose -3*u = -2*j + j + 139, -2*j - 5*u + 256 = 0. Suppose -4852 = j*z - 137*z. Is z composite?
False
Suppose -15*m - d + 185474 = -13*m, -5*m + d + 463685 = 0. Is m composite?
False
Suppose 3*w - 2244559 = 4*m - 7155827, 3683451 = 3*m - w. Is m a prime number?
False
Let h(p) = 1 - 47*p + 20*p + 20*p. Let m be h(7). Let b = m + 67. Is b prime?
True
Let s = -23 + 36. Suppose -s*a = -15*a + 556. Let l = a - 135. Is l a prime number?
False
Let g(h) = 3*h - 12. Let x(k) = k - 1. Let l(r) = -2*g(r) + 2*x(r). Let j be l(5). Is (26/(-39))/(j/(-165)) prime?
False
Let x(l) = l**2 - 9*l + 8. Let j be x(7). Let c be -1*j/(24/44). Suppose -115 = -c*b + 1282. Is b prime?
True
Let o = 194 - 166. Suppose o*g - 9238 = 12798. Is g composite?
False
Let p(h) = -2*h**3 + 9*h**2 - 16. Let d be p(4). Suppose d = 20*q + 15361 - 237101. Is q a composite number?
False
Let r be 51/(-2) + (-45)/(-6) + -6. Is (838*3/r)/((-6)/24) a prime number?
True
Let k = -34666 + 17565. Let r = -7492 - k. Is r a composite number?
True
Let t(i) = -35*i**3 - 3*i**2 + 2*i + 17. Suppose -4*n + 0*n - 22 = 2*k, -5*n - 5 = -5*k. Is t(n) a prime number?
False
Let g = -114150 + 184939. Is g a composite number?
True
Suppose -1325 = -16*x - 38749. Let c = 4382 + x. Is c*(6/9)/(4 + -2) a composite number?
True
Suppose -329 = -10*s + 721. Let c = 101 - s. Is c - (-102)/27 - 3982/(-18) a prime number?
False
Let l(y) = 22*y**3 - 16*y**2 - 34*y - 67. Is l(12) a composite number?
True
Suppose 5*v - i = 1368084, i + 11 = 12. Is v prime?
True
Is ((-2)/(-4))/(11/945758) prime?
True
Is 4/50 + 404/(-50) - -11410 prime?
False
Is (693/88 - 8)*-450392 prime?
True
Let i = -26 - 65. Let k = i + 82. Let x(o) = -166*o - 13. Is x(k) a prime number?
True
Let b be (1/(-3))/((-1)/21). Suppose -b*m = 3*j - 3*m - 279, -365 = -4*j - 3*m. Is j prime?
True
Let n(p) = -p**3 + 16*p**2 + 8*p + 16. Let o be n(15). Suppose v + o - 1872 = 0. Is v a prime number?
True
Let g = 259562 - 110379. Is g a prime number?
True
Let p = 52 - 43. Let o(l) = 75*l - 368. Is o(p) prime?
True
Suppose 2947 + 3938 = 5*r. Let l be -2*((-42)/(-12) + -4) + 1255. Let a = r + l. Is a prime?
True
Let g = -1614 - -1618. Suppose -3*u = -3*r + 15, 3 = -r - 5*u + 8. Suppose q - 2985 = -g*k, -12 = -r*q + 13. Is k a composite number?
True
Let d(k) be the first derivative of 337*k**3/3 - 3*k**2 - 3*k + 16. Let a be d(3). Is (a/(-8))/(2/(-4)) a prime number?
False
Let i = -267012 - -502423. Is i a composite number?
True
Suppose 9694809 = 142*q - 18631777. Is q prime?
True
Let g(u) = 42*u**3 - 7*u**2 + 284*u + 25. Is g(12) composite?
True
Let k(p) = 14*p - 210. Let q be k(15). Suppose 33*i + 11*i - 226468 = q. Is i prime?
True
Let b(g) = g**3 + 6*g**2 + 6*g - 1. Let p(c) = -c**3 - 5*c**2 - 5*c + 1. Let z(h) = 6*b(h) + 7*p(h). Let i be z(0). Is i/4 + (8566/8 - 2) a composite number?
False
Let j = 17344 + -11617. Suppose 3*r - 3*c + c = j, 0 = -4*c - 12. Is r prime?
True
Let b be (((-155)/5)/(-1))/((-3)/(-147)). Suppose 0 = -z + 2590 + b. Is z a prime number?
False
Let j = 62525 + -21429. Suppose -17*q - j = -25*q. Is q a composite number?
True
Suppose 48 = -2*l + 8*l. Let y(v) = -v + 14. Let f be y(l). Suppose -17087 = -4*j - 3*k + f*k, -3*j + 4*k = -12817. Is j a prime number?
True
Suppose -58368 = -4*v - 5*o + 143630, 4*v - 201994 = -3*o. Is v a composite number?
False
Let t(d) = -5*d**3 + 2*d**2 - 7. Let v be t(-2). Let o = v - 36. Suppose o*h - 148 = 1587. Is h composite?
False
Let s be -6 + 6 + 1 + 8. Suppose 2*n + 6232 = v, -3*v - 2*v - n + 31105 = 0. Suppose 3*a = s*a - v. Is a a prime number?
False
Let l be (-9 - -4)*(-5 + 4). Suppose -5*f - 27975 = -l*o, 5607 = -0*o + o + 3*f. Is (o/6)/((-6)/(-10)) a prime number?
False
Let z = -133 - -121. Is (-20)/(-120) + (1 - 14950/z) a prime number?
False
Suppose 0 = 4*w - 114 + 50. Suppose -2*y = -2*b + 154, -4*y + 308 = -12*b + w*b. Is b composite?
True
Suppose -4*r = -3*c - 328860 - 814154, -5*c = 3*r - 857217. Is r a prime number?
True
Suppose 6*n - 2 = 28. Let q(a) = -13*a**2 + 7*a + 13. Let o be q(n). Let y = 5596 - o. Is y a composite number?
True
Let b(j) = -j**3 + 8*j**2 - 9*j + 2. Let i be b(7). Let l be (9 + (-9)/3)/(i/(-8)). Is (0 + (-417)/(-6))*8/l a composite number?
False
Let i(z) = 8*z**2 - 7*z**2 + 2*z - 6*z. Let x be i(2). Is 20434/30 + x/30 composite?
True
Let c(i) = i**2 + 24*i - 16. Let w(m) = -m. Let k(n) = c(n) + 6*w(n). Let r be k(-19). Suppose 0 = 5*j - r*j - y - 2671, 2*y = -3*j +